st common factor of 32 and h.
4
Suppose 5*x + 9 = -3*a + 234, -3*a + 135 = 3*x. What is the highest common factor of x and 75?
15
Let h = -51 - -91. What is the greatest common divisor of h and 8?
8
Suppose 5*x = -5*b + 850, 4*b - 678 = 3*x - 5*x. Let s = b + -121. What is the highest common divisor of 16 and s?
16
Let k = 418 - 262. What is the highest common factor of k and 12?
12
Suppose 3*h - 4*o = 1, 0*o + 2*o - 19 = -5*h. Let i be -2*(-3)/6 + 20. Calculate the greatest common divisor of h and i.
3
Suppose 4 = -w, 4*j = -2*w - 0*w + 52. Let v(p) = p + 19. Let z be v(-14). Suppose 0 = -u + 2*u - z. Calculate the greatest common factor of u and j.
5
Suppose -5*q = -3*q - 130. Let i = -128 - -141. What is the highest common divisor of i and q?
13
Let r = 146 + -132. Calculate the highest common divisor of r and 154.
14
Let d = -14 + 12. Let x = 14 - d. What is the greatest common divisor of x and 48?
16
Let r(g) = g**3 - 17*g**2 + 6. Let q be r(17). Let i be 0 - (2 + 2 + -3). Let s be 2*(i - -2)*6. What is the greatest common factor of s and q?
6
Let l = -93 + 106. What is the greatest common factor of 117 and l?
13
Suppose 2*z + 2*h - 58 = -2*z, -h + 5 = 0. Suppose -2*r - k + 2 = 0, 3*r + 4 = 3*k + 25. What is the greatest common divisor of z and r?
3
Let b(h) = h**2 - 7*h + 7. Let t be b(6). Let r be (6 - t)/(3/15). Suppose -23 = -4*f + r. What is the greatest common factor of f and 30?
6
Let k(a) = a**3 + 5*a**2 - 7*a - 2. Let l be k(-6). Suppose 5*o + 12 = -l*y + 91, 4*o + 2*y - 62 = 0. What is the greatest common divisor of o and 165?
15
Let w = 24 + -12. Calculate the highest common factor of w and 6.
6
Let q be ((-11)/((-132)/40))/((-4)/(-12)). What is the greatest common factor of 200 and q?
10
Let z(b) = b**3 - 9*b**2 + 9*b + 8. Let k be z(8). Calculate the highest common factor of k and 4.
4
Let u = 148 - 104. Calculate the highest common divisor of 33 and u.
11
Suppose 0*x + 54 = 2*x. Suppose 3*b + 36 + x = 0. Let k = -13 - b. What is the highest common factor of k and 2?
2
Suppose 20 - 2 = x. Suppose 3 = -m + x. Suppose 0 = -b + 37 + 98. Calculate the greatest common divisor of b and m.
15
Let t = -24 - -42. What is the greatest common factor of 9 and t?
9
Let p be (-3*1)/((-21)/14). Calculate the greatest common divisor of p and 1.
1
Suppose 2*x - 920 = -3*x. Suppose 40*h = 41*h - 23. Calculate the highest common factor of x and h.
23
Let z be (3/6)/(3/2484). Suppose z = 3*r + 2*u, 5*r - u - 605 = 72. Calculate the greatest common divisor of 17 and r.
17
Let q = 2 - -3. Suppose q*t = 86 - 246. Let s = t + 56. What is the highest common divisor of 16 and s?
8
Let s be 4 + (1 - 1) + -2. Let p(f) = f. Let q be p(-2). Let h be (q/(-4))/((-3)/(-12)). What is the highest common factor of h and s?
2
Suppose 4*c = g + 155, 140 = 2*c + 2*c + 4*g. Suppose -4*d + c = -14. Calculate the greatest common factor of 13 and d.
13
Suppose h + 2*n - 6 + 0 = 0, n - 48 = -5*h. What is the greatest common factor of h and 80?
10
Let b be 1 - -1 - (-7 - 24/(-6)). What is the greatest common factor of b and 5?
5
Let p be (-1)/(-6) - 1340/(-24). Calculate the greatest common divisor of 14 and p.
14
Suppose -5*n - 39 = -t, 7 - 2 = -5*n. Let x(a) = -a**2 + 5*a. Let v be x(5). Suppose 0 = r - v*r - 85. Calculate the greatest common divisor of t and r.
17
Suppose -42 + 5 = -5*t + 4*v, -3 = v. Suppose m + 11 = 2*m. Suppose 0 = -2*z + 3*d + 2*d + 23, -z - t*d = m. Calculate the highest common divisor of z and 8.
4
Let g(b) = -b**2 - 13*b - 24. Let t be g(-7). What is the greatest common factor of 198 and t?
18
Let m be 3 - 5 - (-2 - 6/(-3)). Let u(s) be the second derivative of -5*s**3/6 - s**2/2 + s. Let w be u(m). What is the greatest common divisor of 72 and w?
9
Suppose -2*z = -z + i - 53, -i = -4*z + 192. Let m be 28/(-3)*(-252)/z. Calculate the highest common factor of m and 6.
6
Let y(s) = 14*s**2 + 2*s. Let i be y(2). Calculate the highest common factor of i and 24.
12
Suppose 5*w = -3 - 2. Let n(g) = 11*g**2 + g. Let f be n(w). What is the greatest common divisor of 25 and f?
5
Suppose 3*j - 5*j = -5*x - 25, 0 = j - x - 17. What is the highest common factor of j and 30?
10
Let a = -138 + 295. Let b be (0 + a)/1 + 3. Calculate the highest common divisor of 20 and b.
20
Let n(a) be the third derivative of 13*a**5/60 - a**4/24 - a**3/3 + a**2. Let i be n(3). Calculate the highest common factor of 14 and i.
14
Let j(f) = -f**3 - 4. Let y be j(0). Let z = y + 7. Suppose z*b - 8 = b. Calculate the highest common factor of 28 and b.
4
Let i = -10 - -19. Let z(m) = 9*m. Let n be z(7). Calculate the highest common factor of i and n.
9
Suppose -3*y + 12 = -0*y. Suppose 4*r - 596 = -5*x, 2*x - y*r - 243 = -r. Calculate the greatest common divisor of 15 and x.
15
Let m = 1 - -1. Let w be 0/(-2) - 0/(-2). Let j be -2 - (-4 + w) - -2. Calculate the highest common divisor of j and m.
2
Suppose -2*f - 6 = 4*w - 0, w - 4*f = 3. Let u be 0*w/3 - -12. Calculate the highest common factor of u and 3.
3
Let s(l) = l**3 - l**2 + 2*l - 3. Let d be s(2). Suppose -10 = -2*z - 0. Calculate the highest common divisor of d and z.
5
Let b = -12 + 47. Let r = 49 - b. What is the highest common divisor of r and 7?
7
Suppose -6*v + 107 + 31 = 0. Calculate the highest common divisor of 23 and v.
23
Let z be 29 - (2 + -2)/4. Calculate the greatest common factor of z and 29.
29
Let o(z) be the third derivative of -z**4/24 - z**3/2 - 3*z**2. Let d be o(-8). What is the greatest common divisor of d and 35?
5
Suppose 2*d = -0*d + 96. Suppose 0 = -0*u + 2*u - d. What is the greatest common divisor of 6 and u?
6
Let t(n) = n**3 - n**2 - 3. Let i be t(0). Let j be ((i - 1) + 0)*-2. Suppose -23 + 7 = -d + 4*v, -5*v = 15. Calculate the highest common factor of d and j.
4
Let v(x) = -15*x - 40. Let j be v(-4). What is the greatest common factor of 160 and j?
20
Suppose 0 = 2*c - 2*o - 36, 3*o = 4*c - 18 - 53. Let s = 0 + c. Let j(v) = 32*v - 5. Let d be j(6). Calculate the highest common factor of s and d.
17
Let x = -35 + 151. Calculate the greatest common divisor of 58 and x.
58
Suppose -d + 53 - 8 = 0. Suppose -y = -4*y - 36. Let z = -3 - y. Calculate the highest common divisor of d and z.
9
Suppose -3*j = -5*x + 14, 5*x = -5*j + 2*j - 4. Let w = j - -13. Let i be ((-1)/2)/((-5)/40). Calculate the greatest common divisor of w and i.
2
Suppose 0 = 4*h - n + 15, 4*h + 27 = -n + 6*n. Let s(r) = 9*r**2 + r. Let p be s(1). Let o = h + p. What is the highest common factor of 56 and o?
7
Let w be 8/(-32)*-4 - -51*1. Calculate the greatest common divisor of 468 and w.
52
Suppose 2*s + 15 = 55. Suppose 0 = -0*h + 2*h + 6. Let a = 7 - h. Calculate the highest common factor of s and a.
10
Let m = -15 - -18. Suppose 5*q = -4*g - 9, 0*g - 3*g = -m*q - 27. What is the highest common factor of g and 6?
2
Suppose 13*v - 5*v - 432 = 0. Calculate the highest common divisor of 6 and v.
6
Let y be 2*2*3/(-6). Let k be ((-80)/24)/(y/36). What is the greatest common divisor of 12 and k?
12
Let y(c) = -1. Let r(d) = 19*d - 3. Let s(n) = -r(n) + 3*y(n). Let p be s(-7). What is the highest common factor of 19 and p?
19
Let p(c) = 2*c**2 - 3*c - 1. Let a be p(-5). What is the greatest common divisor of a and 16?
16
Let f = 2 - 0. Suppose -2*x + x = -18. Suppose x = f*b + 2*a, -2*a = 1 + 3. What is the greatest common factor of b and 1?
1
Suppose -h = 3*i + 3*h - 167, 3*h = -2*i + 113. What is the greatest common divisor of 7 and i?
7
Let y = 124 + -4. Let z = 14 - -10. What is the highest common factor of y and z?
24
Let p(l) = 49*l - 7. Let r be p(-9). Let h be r/(2 + -6) - 0. What is the highest common divisor of 28 and h?
28
Suppose x - 5*r - 1 = 29, -4*x = 3*r - 5. What is the highest common factor of x and 5?
5
Suppose 2*w - 19 = 4*a + a, 5 = 5*a. What is the highest common factor of w and 8?
4
Let n = 3 + -4. Let c be 1*(-20)/(2*n). Let s be (-1)/(-5) - (-58)/c. Calculate the highest common divisor of s and 12.
6
Let k be (-6)/(-1*(5 + -4)). Let o(t) = -t**3 + 7*t**2 + 6*t + 3. Let p be o(k). What is the highest common divisor of 30 and p?
15
Suppose 6 = 2*n - 14. Let x = -25 - -37. Let d be 10/2*x/n. What is the highest common factor of d and 66?
6
Let j(x) = -x**3 - 11*x**2 - 11*x - 9. Let f be j(-10). Ca